
Suppose 14*t = 2*t + 360. Let r(y) = -y**3 + 6*y**2 + 2*y - 2. Let l be r(6). What is the greatest common factor of l and t?
10
Suppose -2*m - 79 = -219. What is the greatest common factor of 28 and m?
14
Let v(n) = 2*n**2 + n - 5*n**2 + 3 + 3 + 4*n**2. Let b be v(-10). Calculate the highest common factor of b and 32.
32
Let u(y) = y**3 + y. Let x be u(2). What is the greatest common divisor of x and 70?
10
Let d be (-751)/(-7) - (-20)/(-70). Let q = -56 + d. Calculate the greatest common divisor of 17 and q.
17
Suppose -2 = -5*y + 8. What is the highest common factor of 18 and y?
2
Let s(y) = -y - 3. Let p be s(-3). Suppose -2*q - d = -32, 4*d + 7 + 1 = p. What is the highest common factor of q and 17?
17
Let k be 4 + (-1*4)/(-2). Let f = 5 + -3. Suppose 5*l = f*l + 90. Calculate the greatest common factor of l and k.
6
Let k be -6*((-1 - -1) + 3). Let y be ((-1)/2)/(3/k). Let a(b) = b**3 + 7*b**2 + 6*b + 4. Let m be a(-5). What is the highest common factor of m and y?
3
Let j(o) = -o + 75. Let b be j(-23). Calculate the highest common divisor of 14 and b.
14
Let a be (-7 + 110/11)*(22 + -1). Let x be (0 + -2)*(-9)/2. What is the greatest common divisor of a and x?
9
Suppose 285 = 2*z + 3*b - 27, -4*z + 620 = 4*b. Calculate the highest common factor of 17 and z.
17
Let x(l) = 2*l**2 + 7*l + 3. Let z be x(-6). What is the highest common divisor of z and 99?
33
Let v(q) = 6*q**2 + 2*q. Let j be v(4). Suppose 0 = 2*d - 2, -4*d + j = 5*s - 5*d. What is the greatest common divisor of s and 21?
21
Let y = 14 + -3. Let d = 20 - y. What is the greatest common divisor of d and 3?
3
Let v(k) = k - 9. Let j be v(15). Suppose 0 = n - j*n + 15. What is the greatest common factor of 6 and n?
3
Let h(l) = -6*l - 4. Let f be h(-4). Let b = -348 - -508. Calculate the greatest common divisor of b and f.
20
Suppose -2*p = 3*p - 10. Let z be 4 - -1*-1*p. Let y be -6*(-1)/(z/48). Calculate the greatest common divisor of 16 and y.
16
Let g(y) = 0*y + y + 22 + 22. Let l be g(0). Calculate the greatest common factor of 22 and l.
22
Let m be ((-7)/(-14))/(2/28). Let b = -41 - -104. Calculate the greatest common factor of m and b.
7
Suppose l - 13 = -2*y, -4*l + l = 5*y - 34. Suppose -5 = l*h - 14. Let o = -67 - -70. Calculate the highest common factor of h and o.
3
Suppose -2*a + 1 = -1. Let l be 27/6 + 3/(-6). Suppose -4*p + 28 = -4*x, 4*x = 3*p - 22 + l. Calculate the highest common divisor of a and p.
1
Let o(x) = -2*x - 12. Let k be o(-8). Suppose -2*v - 4 = -k*v. Calculate the highest common divisor of 6 and v.
2
Let z be 16/6*(-27)/6. Let m be ((-1)/(-2))/((-2)/z). Suppose 6*q - m*q = 99. Calculate the highest common factor of q and 3.
3
Let m(i) = -3 - 2 + 2 - 3 + 2*i. Let l be m(6). Suppose 9 = 3*d - l. What is the highest common factor of d and 15?
5
Suppose 0 = -5*y + 39 - 9. Suppose y*v - v = 0. Suppose v = x - 2*b - 0 - 14, x + 4 = -4*b. Calculate the highest common divisor of x and 32.
8
Let b = 15 - 15. Suppose -3 = -4*s + 2*n + 19, s - 5*n - 10 = b. Calculate the highest common factor of s and 55.
5
Suppose 5*b + 55 = -3*x + 145, -25 = -3*b + 4*x. Calculate the greatest common divisor of 120 and b.
15
Suppose -2*o = -5*l - 1, -3*o + 4*l = -l - 4. Suppose 0 = -o*r - 3 + 12. Let n be 1/(-3) - 164/(-6). What is the greatest common divisor of n and r?
3
Let k be (-9)/(-18)*0/(-1). Suppose 4*b - 4*a = -4, -5*a + k = -4*b - 9. What is the greatest common factor of 4 and b?
4
Let p = 152 - 82. Calculate the highest common factor of 10 and p.
10
Let s = 50 - 44. Calculate the greatest common divisor of 9 and s.
3
Suppose 5*g = g + 96. What is the greatest common factor of 48 and g?
24
Let d(b) = 4*b**3 + 2*b**2 - b + 1. Let u(a) = -a**2 + 2. Let f be u(0). Let v be d(f). Calculate the greatest common divisor of 26 and v.
13
Let g be (-3)/(-1) - (-6)/(-6). What is the highest common divisor of g and 8?
2
Let p(u) = u + 5*u - 2 - 1. Let j be p(5). Let y(b) = -b**3 - 4*b**2 - 4*b. Let k be y(-3). What is the highest common divisor of j and k?
3
Suppose 0 = 2*f + 2*f - 12. Suppose 0 = -3*d - f*q + 80 + 16, -q = -5*d + 148. Let w be -10*(-2)/(-4)*-3. What is the highest common factor of d and w?
15
Let w(c) = -c. Let q be w(-2). Suppose -2 = 2*l - 14. What is the greatest common divisor of l and q?
2
Let o(q) = -q**2 + 11*q - 8. Let m be o(9). What is the greatest common divisor of m and 10?
10
Suppose 4*z = 6*z - 342. Let h = -3 + z. What is the highest common factor of h and 24?
24
Let i be ((-4)/8)/(1/(-2)). Let u = 11 + i. Let y be (-3)/u*3*-20. Calculate the highest common divisor of y and 60.
15
Let j be 4/2*(-4)/8. Let l be j/1 + -1 + 54. Let n be (3/6)/(2/l). What is the highest common divisor of 39 and n?
13
Suppose 0 = 5*a - 10*a + 25. Calculate the greatest common divisor of a and 45.
5
Suppose u - 3*i = -2*u + 93, u - 25 = -5*i. Let a be ((-2)/4 + 1)*90. Calculate the highest common factor of u and a.
15
Let r be -26 - 0*1/(-3). Let t = r + 37. Suppose 0 = -4*c + z + 39, -3*c - 2*c + z = -50. What is the highest common factor of c and t?
11
Suppose -c + 54 = -0*c - i, -20 = 5*i. Suppose s - c = -4*s. Calculate the greatest common factor of 5 and s.
5
Let h be (-6)/(-33) + 251/11. Let k = h + -6. Calculate the highest common factor of 51 and k.
17
Suppose 4*z = -5*g - 2 - 3, -40 = 3*g - 5*z. Let n be ((-2)/g)/((-10)/(-350)). What is the greatest common factor of 98 and n?
14
Suppose -5*b + 2*m + 309 = -0*m, -3*b = -5*m - 174. Let s(c) = c**3 - 5*c**2 + c. Let p be s(6). Calculate the greatest common factor of b and p.
21
Let h(c) = -c**2 - c + 1. Let z(u) = 11*u - 5. Let o(g) = -2*h(g) - z(g). Let k be o(6). Let t = 38 - k. Calculate the highest common factor of t and 17.
17
Let b = 61 - -39. What is the highest common factor of 150 and b?
50
Let t(n) = n. Let s be t(-1). Let i(c) = -22*c - 1. Let k be i(s). Calculate the greatest common factor of k and 3.
3
Suppose -q = 5*p - 52 - 20, 2*p - 229 = -3*q. Let k = 26 + -15. Calculate the highest common divisor of k and q.
11
Let w(d) = -d**2 + 2*d - 1. Let r be w(1). Suppose -148 = -r*s - 3*s - 5*j, -4*s = 5*j - 199. Calculate the highest common factor of s and 34.
17
Suppose -3*t + 36 = 2*h - h, -56 = -2*h + 2*t. Let s be h*((-2)/(-5) - 0). Calculate the highest common divisor of s and 96.
12
Suppose 40 = 2*h + 2*h. What is the greatest common factor of h and 10?
10
Suppose 5*x + 0*x = -5*z + 40, 4 = x. Calculate the greatest common factor of 1 and z.
1
Suppose 0*k = 2*b + 2*k - 212, -2*b = -3*k - 232. Let l(j) = -j**3 - 9*j**2 - 8*j + 10. Let y be l(-8). Calculate the highest common divisor of y and b.
10
Suppose -2 = -0*r - 2*r. Let m be (r + 1)*39/6. Let k = -21 + 125. What is the greatest common factor of k and m?
13
Suppose 15*g - 7*g - 384 = 0. Calculate the greatest common factor of 12 and g.
12
Let u(s) = -3*s - 5*s**3 + 9*s**2 + 4*s**3 - 2*s**2 - 3. Let h be u(6). What is the greatest common divisor of 75 and h?
15
Let b(o) = 7 + 2*o**2 - 3 - 2*o + 2. Let q be b(4). Calculate the greatest common divisor of q and 75.
15
Let j be (-4)/18 - (-2 - 4256/36). What is the highest common factor of 45 and j?
15
Suppose 21 = 4*a + 5. Let v(m) = m**3 - 2*m**2 - 2*m - 9. Let y be v(a). What is the greatest common factor of y and 60?
15
Suppose 7*v = 13*v - 42. What is the highest common divisor of 7 and v?
7
Let t(k) = -2*k + 1 - 8 - 2. Let c be t(-9). Let h = c + 2. What is the highest common divisor of h and 121?
11
Suppose -4*u - 3*n = -135, 33 = u + 5*n - 4*n. Let s = 9 - 15. Let c = 10 + s. Calculate the highest common divisor of c and u.
4
Let t(u) = -u**3 + 21*u**2 + 26*u - 54. Let s be t(22). Calculate the greatest common factor of s and 374.
34
Let a be (18/4)/((-6)/(-8)). Suppose -3*z - 6 = a. Let w be 16*z/((-32)/6). What is the highest common factor of w and 3?
3
Let i(r) be the first derivative of r**3 - 2*r**2 + 6. Let d be i(3). What is the greatest common factor of 10 and d?
5
Suppose 0 = 3*a + x - 3*x - 7, 21 = a + 4*x. What is the highest common factor of 35 and a?
5
Suppose 0 = a + a - 72. Let d(k) = 55*k**3 - k**2 - k + 1. Let f be d(1). Calculate the greatest common factor of a and f.
18
Let k be 4*52/64*4. Calculate the highest common factor of k and 39.
13
Let z(f) = -30*f - 13. L